ppose 6 = -2*c + 4*c. Suppose -c*z - 15 = 3*m, z + 2 = -2*m - 4. Let s(j) = -6 + 0 - j + 7. Determine s(m).
2
Suppose 2*p = 7*p. Suppose p = 3*w - 5*l + 1, 2*w - l = -3*w - 9. Let k(i) = 2*i**2 + 2. What is k(w)?
10
Let c(y) be the first derivative of y**4/4 - y**3 - y**2/2 - 2*y - 10. Calculate c(3).
-5
Let q(k) = 50*k**2 + 0*k + k + 5 + k**3 - 100*k**2 + 46*k**2. What is q(4)?
9
Let s be (-3)/9 - 60/9. Let j(i) be the second derivative of -i**5/20 - 7*i**4/12 - i**2 - i. Determine j(s).
-2
Let m(q) be the third derivative of -q**4/12 + 5*q**3/6 + q**2. Calculate m(6).
-7
Let y(b) = b**2 + 4*b - 8. Suppose 3*x + 6 = -0*x. Let l be (-4)/5*(-15)/x. Give y(l).
4
Let o(t) = -2*t**2 + 2*t + 2. Let c(g) = -3*g**2 + 3*g + 3. Let a(n) = -3*c(n) + 5*o(n). What is a(1)?
1
Let w be 6 + 3 + -1 + -13. Let c(g) = g + 5. Calculate c(w).
0
Let t(j) = 6*j - 5. Let y(p) = -5*p + 9. Let n(i) = 10*i - 19. Let h(c) = -4*n(c) - 9*y(c). Suppose -2 = -3*d - 20. Let x(r) = d*t(r) + 7*h(r). What is x(0)?
-5
Let q(b) = b**2 + 7*b - 2. Let s = -7 - -10. Suppose 4*v = s*h + 6*v + 22, 4*h - 3*v = -18. Determine q(h).
-8
Let a(n) be the first derivative of -n**4/4 + 11*n - 15. Determine a(0).
11
Let x(t) = t - 1. Let h = -30 + 32. Give x(h).
1
Let f(r) be the first derivative of -r**4/4 + 2*r**3 + 4*r - 1. Let t be 2/(3 - 1)*0. Let m = 6 - t. Calculate f(m).
4
Let g(h) = h**3 - 7*h**2 + 6*h - 3. Suppose -n = m - 2, 2*n + 2*m = 6*n - 32. What is g(n)?
-3
Let o(v) = -v**2 - 4*v - 5. Let p(s) = s + 6. Let r be p(-3). Suppose -4*c = i + 27 - 9, r*i + 4*c + 30 = 0. Let l be 20/(-6) - (-4)/i. Determine o(l).
-5
Let o(j) be the second derivative of 0 - 1/3*j**4 - 2*j**2 + 1/3*j**3 + 1/20*j**5 - 4*j. Let h(y) = -y**2 + 4*y + 4. Let a be h(4). Give o(a).
4
Let z(u) be the second derivative of u**3/2 + u**2 + 7*u. Give z(2).
8
Let x(b) = 4*b**2 + 6 - 10*b**2 + 5*b**2 + 4*b - 1. Determine x(6).
-7
Suppose -3*m + 2 = -1. Let k(g) = 6*g - m - 5 + 5*g**2 - 4*g**2. Determine k(-6).
-6
Let g = 6 + -2. Let b(u) = -8*u**2 - u - 4. Suppose -d + 11 = 4*s + 2, -2*s = -10. Let y(r) = 3*r**2 + 1. Let w(m) = d*y(m) - 4*b(m). Calculate w(g).
5
Let c(x) = 6*x + 1. Let i(g) = 12*g + 2. Let u be 1/(1 + 63/(-66)). Suppose 0 = 5*p - l - u, 4*p - 6 - 16 = 3*l. Let k(o) = p*i(o) - 7*c(o). What is k(1)?
7
Let q = 496 - 496. Let i(f) be the second derivative of -f**5/20 + 5*f**2 + f. What is i(q)?
10
Let t(c) = -6*c - 3*c**2 + 5 - 2 + c**3 - 1. Let p = 26 + -22. What is t(p)?
-6
Let z(c) = -c**3 + 0*c**2 + 28*c - c**2 - 1 - 26*c. Let d be (-18)/(-8) - 3/12. Let n be d*1*(0 - 1). Determine z(n).
-1
Suppose 4*j - 29 = -5. Let h(v) = 1. Let r(c) = c**2 - 9*c + 1. Let z(f) = -6*h(f) - r(f). Give z(j).
11
Let y(k) = -2 + 1 - k + 4*k - 4*k. Suppose -5*p - 1 = -26. Give y(p).
-6
Let h(x) be the second derivative of 8*x**3/3 + x**2/2 - 12*x. Give h(1).
17
Let t be 10/15 + 1/3. Let l be (t - 1/(-2))*-2. Let z(o) = 0*o**2 + o**2 - 2*o + 7*o + 2. What is z(l)?
-4
Suppose 3*b + 0 - 6 = 0. Let f(n) = n + 3 - b - 4 - 5*n. Let u be (-2)/(((-2)/(-3))/1). Give f(u).
9
Let z(m) be the first derivative of m**6/120 - m**5/15 + 5*m**4/24 - m**3/3 - m**2 + 3. Let p(a) be the second derivative of z(a). Give p(3).
4
Suppose -2*n + 4*n = 0. Let x = n + 1. Suppose 2*b + c + x = 8, -5*b + 19 = c. Let d(p) = p**3 - 5*p**2 + 5*p + 2. Give d(b).
6
Suppose -4*r - d = d - 26, -2*r - 5*d = -9. Let j = r + -5. Suppose 2*f + 6*u = u - 8, -j*f + u = -16. Let m(s) = -s. Determine m(f).
-6
Let p(z) be the second derivative of z**4/12 - 2*z**3/3 - z**2/2 - 6*z. Let h be 0 + (3 - 2 - -4). What is p(h)?
4
Let n be 2 + (4 - (1 + 0)). Let z(j) be the third derivative of j**4/8 - 5*j**3/6 + j**2. Let w(v) = 1. Let p(b) = w(b) - z(b). Determine p(n).
-9
Let a(f) = f + 2. Let o be a(-4). Let r(n) be the first derivative of -n**4/2 - n**3 - n**2 - 2*n + 92. Give r(o).
6
Suppose 5*a - 5 = 4*a. Let w(m) = -m**3 + 5 - 5 + m**2 + 3*m**2 - 1 + 4*m. Calculate w(a).
-6
Let i(u) = 4*u - 14. Let x(g) = -2*g + 7. Let q(m) = -2*i(m) - 5*x(m). Give q(6).
5
Suppose -q = q - 4. Let v(j) = -5 + 0 + j + 4 - q*j. Calculate v(-1).
0
Let h(b) = 5*b - 11. Let f(m) = 14*m - 32. Let y(t) = 6*f(t) - 17*h(t). Calculate y(-6).
1
Let p(g) = g**3 - 3*g**2 - 7*g + 5. Let j be p(4). Let o be 1*2 + 56/j. Let f(d) = -d**3 - 7*d**2 - 7*d - 3. Determine f(o).
3
Let h = 45 - 41. Let i(z) = z**3 - 5*z**2 + 4*z + 5. Determine i(h).
5
Let f(z) = 21*z + 2. Let k(l) = -11*l - 1. Let v(h) = -6*f(h) - 11*k(h). What is v(1)?
-6
Suppose 7*l - 8 = 3*l. Let z(d) = d**3 - d**2 - d - 1. Determine z(l).
1
Let b(l) be the third derivative of -l**5/60 - l**4/6 + l**3 + 3*l**2. Let f = 36 - 42. What is b(f)?
-6
Let p(y) = 10*y**3 + 5*y**2 - 9*y + 2. Let x(u) = -5*u**3 - 2*u**2 + 4*u - 1. Let t(i) = -3*p(i) - 7*x(i). What is t(1)?
4
Let h(l) be the first derivative of l**4/4 + 4*l**3/3 + 2*l**2 + 2*l + 19. Determine h(-2).
2
Let k(w) = -2*w + 10. Let x(y) = 6*y - 31. Let t(r) = 7*k(r) + 2*x(r). Let g(j) = -4*j + 17. Let a(z) = -3*g(z) + 7*t(z). Determine a(6).
-7
Suppose v = 3*d - 4*v - 85, 4*d = -4*v + 60. Suppose 3*b - d = -b + 3*h, 0 = 4*b - 5*h - 28. Let u(f) = 5 + 3 - 3*f - 5. Give u(b).
-3
Let h = 4 + -1. Let m = h + -3. Let d be (-1 - m)/(1/(-5)). Let a(k) = -k**3 + 6*k**2 - 6*k + 4. What is a(d)?
-1
Let x(n) = 3*n - 2. Let g be 3/((-1)/(-1) - 0). Let v(z) = 3 + g + 3 - z. Let w be v(5). What is x(w)?
10
Let m(a) be the first derivative of 0*a - 1/24*a**4 + 1/6*a**3 - 1/30*a**5 - 3 + 1/2*a**2. Let p(f) be the second derivative of m(f). Calculate p(-2).
-5
Let v(m) be the third derivative of -m**5/20 - 5*m**4/24 - m**3/3 + 17*m**2. Determine v(-3).
-14
Let k(d) = 2*d**3 - d**3 - 6*d**2 + 11*d**2 + 8 - 6*d. Determine k(-6).
8
Let w(r) = -5*r**3 + 2*r**2 + 4*r + 1. Let v(p) = -6*p**3 + p**2 + 5*p + 2. Let z(l) = -4*v(l) + 5*w(l). Determine z(5).
22
Let i = -1 + -7. Suppose 0*w - 2*w = 0, 5*l + 45 = 3*w. Let a = l - i. Let r(o) = -2*o**2 + o. Determine r(a).
-3
Let a be (-16)/(-72) + 86/18. Let y = -1 - -3. Let v(t) = -t**y + 9*t - 2*t - 1 - 5. Determine v(a).
4
Suppose -3*n - 5 = 1. Let t(y) = -7*y + 3*y**2 + 2 + 0*y**2 + 8*y - 4*y**2. Calculate t(n).
-4
Let r(t) = -t + 2. Suppose 5*s - 3*j = 46, -3*s + 3*j - 8*j = -48. Suppose -2*i = i - 6, 0 = -f + 4*i - s. Determine r(f).
5
Suppose -i + 3 = -j, 2*j - 1 = -4*i - 19. Let b(u) = 2*u + 9. Let m(v) = 10*v + 46. Let a(w) = -11*b(w) + 2*m(w). Determine a(j).
3
Let j be 0 + 1 - (-7 + 4). Let m(x) = 3*x - 5. Give m(j).
7
Let s(i) = -i**2 + 13*i - 25. Let x be s(11). Let q(k) = -2*k + 2 + 4*k**2 - k**3 + 6*k + 2*k**3. Calculate q(x).
-1
Suppose 4*t = -17 + 1. Let u = t + 6. Let l(q) = -3 + 0*q**2 + 2*q**2 - q**3 - 2*q + 2. Give l(u).
-5
Suppose -6 = -2*o + 4*m - 3*m, 3*o = -5*m - 4. Suppose 5*n = -2*w + 14, -4*n = n - 4*w - o. Let f(j) = -j**3 - j + 2. Give f(n).
-8
Let q(c) be the first derivative of 4*c**3/3 - c**2/2 + c + 7. Let d(s) = s**3 + 8*s**2 + 1. Let z be d(-8). What is q(z)?
4
Let y(w) = w + 5. Let d(r) = r**2 - 7*r + 7. Let s be d(5). Let v be ((-6)/9)/(2/s). Let m be v*(-3 + (0 - 2)). Give y(m).
0
Let d(g) = 3*g**2 - 38*g - 16. Let t be d(13). Let v(y) = y + 3. Determine v(t).
0
Let b(o) be the first derivative of o**4/2 - o**3/3 + o + 4. Give b(-1).
-2
Let i(o) = o**2 - 8*o + 8. Suppose 0 = -3*u + 4 - 1. Suppose 17 = 3*g - u. What is i(g)?
-4
Suppose w = -0*w + 4*o + 12, -3*o = 5*w + 9. Let k(v) be the third derivative of -4/3*v**3 + 5*v**2 + 1/24*v**4 - 1/120*v**6 + 0*v + 0 + 0*v**5. Give k(w).
-8
Let h(b) be the second derivative of -b**7/840 - b**6/120 + b**5/60 + b**4/24 - b**3/3 + b. Let x(v) be the second derivative of h(v). Determine x(-3).
-5
Let l = -18 + 22. Let i(g) = -g**2 + 4*g - 3. Give i(l).
-3
Let f(k) = -k**3 - 6*k**2 + 2*k + 8. Let u be -9*2*(-3)/(-9). Give f(u).
-4
Let n(o) = o - 5 - 1 + 0*o. Suppose 0*w - 3*w = -3. Let r = 1 - w. Give n(r).
-6
Let t(i) be the second derivative of 3*i + 3/2*i**2 + 1/6*i**3 + 0. Calculate t(3).
6
Let y(c) = 15 + c + 14 - 25. Determine y(-6).
-2
Let v(s) = s**2 - 6*s + 3. Suppose -r = -14 + 12. Calculate v(r).
-5
Let i(l) = l**3 - 3*l**2 - 5*l + 2. Let m be i(4). Let v(w) = -9 - 11*w + 6 + 4*w. Give v(m).
11
Let d(l) = -13*l**3 - 2*l**2 + 1. Let f(r) = r**3 + 12*r**2 - 12*r + 14. Let g 